rime factors of g?
3, 7, 23
Suppose y = -3*u + 12418, 4*y + 792*u = 789*u + 49663. What are the prime factors of y?
5, 13, 191
Let w = -17 + 31. Let c(j) = -j**3 + 13*j**2 + 15*j - 1. Let g be c(w). Suppose g*v - 5*v - 64 = 0. List the prime factors of v.
2
Suppose -m - b - 277 = 3*m, -4*b = 2*m + 128. Let i = 76 + m. List the prime factors of ((-30)/i - -14)*29.
3, 29
Let u(v) = -5*v**2 - v. Let d be u(1). Let s be (0 - (-28)/3)*(-9)/d. Suppose 80 = -12*n + s*n. What are the prime factors of n?
2, 5
Let p(w) = -w + 7. Let i be p(3). Suppose 4*a = -4, -b = b + 4*a + i. Suppose 2*u + 3*u + 3*l - 1086 = b, u + l - 216 = 0. What are the prime factors of u?
3, 73
Suppose -2*s = 42 - 72. Suppose -3*y + 12582 = s*y. List the prime factors of y.
3, 233
Let p(m) = 2684*m + 944. List the prime factors of p(23).
2, 3, 1741
Let r(f) be the first derivative of 155/3*f**3 - 28 + f + 0*f**2. List the prime factors of r(-1).
2, 3, 13
Let v(p) = -p**3 + 3*p**2 - p - 1. Let k(s) = 3*s**3 - 6*s**2 + s - 557. Let m(i) = -2*k(i) - 4*v(i). What are the prime factors of m(0)?
2, 13, 43
Let j(p) = -3*p**3 + 99*p**2 + 36*p - 57. Suppose 495*v - 231 = 488*v. List the prime factors of j(v).
3, 13, 29
Let c = 1565 - 1023. Suppose c = 2*s - 370. List the prime factors of s.
2, 3, 19
Let m = -245 - -266. What are the prime factors of (-117)/(-6)*266/m?
13, 19
Suppose 0 = 3*s - 4*c - 38, 2*c + 0*c = 2*s - 24. Let m be (8/(-5))/((-4)/s). Suppose z + 3*n + 4 = 6*z, m*z = 4*n. List the prime factors of z.
2
Let b(p) = 36*p - 4. Let n be b(-3). Let f = -48 - n. List the prime factors of f.
2
Let r = -4 + 38. Suppose -6 = -35*j + r*j. Suppose -l - j*l + 1365 = 0. List the prime factors of l.
3, 5, 13
Let t(a) = -a**3 + 12*a**2 + 13*a - 48. Let q be t(11). Suppose -5*j + 3*y - 453 = -7*j, -j + q = 5*y. What are the prime factors of j?
3, 7, 11
Suppose 4*o = 2*y - 11582, -o + 3*o + 5*y = -5785. Let r = -1704 - o. What are the prime factors of r?
3, 397
Let i = -382 + 1312. Suppose 0 = 128*x - 125*x - i. List the prime factors of x.
2, 5, 31
Let r = 2521 + 1303. Suppose 4*k + 2*z = r + 370, 4192 = 4*k + 4*z. What are the prime factors of k?
1049
Suppose 4*m - 4*t - 4 = 0, -2*m - 18*t = -16*t - 10. Suppose -3*s + 1290 = m*y, 867 = -0*s + 2*s - 5*y. List the prime factors of s.
431
Suppose 16*b - 21*b - 2*v - 25 = 0, -5*v - 22 = -b. What are the prime factors of ((-8)/b)/(6/2178)?
2, 11
Suppose t = 3*o + 21, -t - 15*o = -11*o + 14. Suppose 2*j - 3*f = -j + 1665, 2*f + t = 0. List the prime factors of j.
2, 3, 23
Suppose -386*o + 111*o - 1655162 + 5373712 = 0. List the prime factors of o.
2, 6761
Suppose 0 = 22*d - 674345 - 58827. Suppose -d = -r - 37*r. What are the prime factors of r?
877
Let x(a) be the first derivative of -21*a**2/2 + 110*a + 102. What are the prime factors of x(-6)?
2, 59
Suppose -1289*s + 1396*s - 299774 - 771296 = 0. List the prime factors of s.
2, 5, 7, 11, 13
Suppose 43 = -5*p + 4*m, 0 = -4*p - 3*m + 5*m - 38. Let n(i) = -7*i + 3*i - 4*i - 20. List the prime factors of n(p).
2, 17
Let l(q) = 5*q**3 - 14 + 16*q**2 - 18*q + 2*q**2 + 3. Let y(k) = -k**3 - k + 1. Let s(r) = l(r) + 4*y(r). What are the prime factors of s(-19)?
2, 5
Let u be 8/24 - (-28)/6. Let k = u - 117. Let p = -20 - k. List the prime factors of p.
2, 23
Suppose 4*j + 3*x = 42164, -12 = 2*x - 12. What are the prime factors of j?
83, 127
Suppose -11 = o + 5*y, 6*o - 2*o + 6 = -y. Let h(f) = 4*f**2 - 3*f - 2. Let l be h(o). Suppose -39 = l*p - 94. What are the prime factors of p?
11
Let s be 28/21 - (-6695)/3. Suppose 12*l - l = s. What are the prime factors of l?
7, 29
Suppose -4*n - k + 13433 = 0, -4*n + 2*n - 3*k = -6719. List the prime factors of n.
2, 23, 73
Let h(v) = -v**3 - 10*v**2 - 12*v + 5. Let c be (24/(-9))/(-4) - (-116)/(-12). Let t be h(c). Suppose d - t = 22. List the prime factors of d.
2, 3
Let x(z) = 8853*z**2 - 32*z - 68. List the prime factors of x(-2).
2, 2213
Let f(g) = -g**3 - 31*g**2 - 31*g - 45. Let h be f(-30). List the prime factors of 12*29 - (-12 - h).
3, 5, 23
Let v(m) = -m**3 + 38*m**2 - 331*m + 18. What are the prime factors of v(-22)?
2, 5, 23, 79
Suppose -1 = 5*q + 4*o, 5*q - 31 = 4*o - 0*o. Let j = q - -107. Let k = j - 42. What are the prime factors of k?
2, 17
Suppose -3*k + 7*k - 20 = -3*r, -5*r + 3*k = 15. Suppose 4*s + 2*v = -22, v = -r*v + 1. List the prime factors of ((-69)/6)/(3/s).
23
Let a(j) = -j**3 + 9*j**2 - 13*j. Suppose -9 = 3*v - 36. Let s be a(v). Let i = s - -175. What are the prime factors of i?
2, 29
Suppose -2*w - 3*q = -62699, q = 5*w - 81865 - 74942. List the prime factors of w.
2, 5, 7
Suppose -30882 = -3*k - 3*z, 5*k + 2*z = -23239 + 74715. List the prime factors of k.
2, 3, 11, 13
Let x(k) = -339*k + 535. What are the prime factors of x(-13)?
2, 7, 353
Suppose 4*i = -i + 265. Let s = 216 + i. Let w = s + -152. What are the prime factors of w?
3, 13
Let p(z) = 13*z**2 - 3*z + 12. Let w be (-4)/((-20)/(-6) - 4). Let s be p(w). Suppose 23*b - s = 16*b. List the prime factors of b.
2, 3, 11
Suppose 7553 + 1639 = -12*q. Let u = q + 1073. What are the prime factors of u?
307
Let h = 200 + -192. Let f(z) = z**3 + z**2 + 4*z - 59. What are the prime factors of f(h)?
3, 61
Let v be (-2)/3*14592/(-19). Suppose 241 = 3*b - v. What are the prime factors of b?
251
Suppose -z = -3*f - 21611, 0 = f + 57 - 54. What are the prime factors of z?
2, 7, 1543
Let f = -308 + 276. Let y = 143 - f. List the prime factors of y.
5, 7
Suppose 149927 - 1410389 = -141*y + 1412898. What are the prime factors of y?
2, 3, 5, 79
Let p(l) = -l**2 + 18*l + 35. Let r be p(17). Suppose r*h = 48*h + 8. What are the prime factors of (h + -1)/1 - (-206 - 2)?
11, 19
Let x be (0 - (-3)/(-2)) + (-8040)/16. Let c be x/132 - (-2)/(-11). Let l(n) = 13*n**2 - n - 6. What are the prime factors of l(c)?
2, 103
Suppose 2*h + h = 2*k - 57, -5*h = -4*k + 117. Let v be 18/99 + 225/k. Suppose -v*r + 520 = -5*r. List the prime factors of r.
2, 5, 13
Let f = -55907 + 101635. What are the prime factors of f?
2, 1429
Suppose -333*d + 4765190 + 4617418 = 0. List the prime factors of d.
2, 3, 587
Suppose z + 12*z + 143 = 0. Let o(k) = -k**3 - 7*k**2 + 2*k + 7. List the prime factors of o(z).
7, 67
Let f(w) = -w**3 - w**2 - w + 1. Let s be f(-2). Let h be 37/s - 26/91. Suppose -h*v - 289 = -3*t - 0*v, 0 = -v + 1. List the prime factors of t.
2, 7
Let v(o) = -o**3 + 10*o**2 - 17*o - 7. Let j be v(7). What are the prime factors of 6*(-7)/j - -344?
2, 3, 19
Let p be (-52)/234 + (-11)/(-9). List the prime factors of (1080/315)/(p/217).
2, 3, 31
Suppose 51*b = 80214 + 16737. What are the prime factors of b?
1901
Let m(l) = -16*l + 19. Let r be m(-14). What are the prime factors of (-18)/(-2) + r + 5?
257
What are the prime factors of 60350/(-4)*3420/(-1425)?
2, 3, 5, 17, 71
Let o(i) = 503*i**2 - 71*i + 4. What are the prime factors of o(6)?
2, 37, 239
Suppose 4*f + 78 = 2*s, -3*s - 2*f + 117 = 3*f. Let h = s - 38. List the prime factors of h + (-55)/2*-2.
2, 7
Let p(h) = h**2 + 22*h + 59. Let y be p(-19). Suppose 1008 = 5*i + y*i. List the prime factors of i.
2, 3
Let z = -297 - -329. What are the prime factors of (32 - 12)/(2 + z/(-17))?
2, 5, 17
Suppose 0 = -4*k - 12, -2*k + 0*k = b + 9. List the prime factors of 1095/10*(1 - (-1)/b).
73
Let j(y) = 116*y**2 + 5*y - 10. What are the prime factors of j(6)?
2, 1049
Let i be 7 + 0 + -22*56. Let f = i - -1986. What are the prime factors of f?
761
Suppose -21*i = 82*i + 412493 - 4432995. What are the prime factors of i?
2, 29, 673
Suppose -6344 = 20*r - 28*r. Let c = -487 + r. List the prime factors of c.
2, 3, 17
Let k be (-2)/(-3 + 469/154). Let l be -2 - 5/2*30. Let j = k - l. List the prime factors of j.
3, 11
Let i(b) = -3*b**2 - 7*b - 2. Let k be (-20)/11 + (-2)/11. Let r be i(k). Suppose -v - 16 + 90 = r. What are the prime factors of v?
2, 37
Let v = 9973 + -2418. List the prime factors of v.
5, 1511
Suppose -69239 = -29*h + 48298. List the prime factors of h.
3, 7, 193
Let v(c) be the first derivative of -c**3/3 - 4*c**2 + 11*c + 19. Let a be v(-9). List the prime factors of a/(4 - 2) - (-28)/2.
3, 5
Let b(p) = 3*p**2 - 11*p - 34. Suppose 0 = -90*x + 77*x + 208. List the prime factors of b(x).
2, 3, 31
Suppose 0 = -19*y - 4490 + 1564. List 